25
Suppose 5*s = 7*s + 2. What is the remainder when ((-105)/(-6) + s)*2 is divided by 7?
5
Let v = 0 - -21. Calculate the remainder when 1*2 - 8/((-56)/553) is divided by v.
18
Let s(c) = -3 + 61*c - c**3 + 2*c**3 + 6*c**2 - 71*c. Calculate the remainder when s(-7) is divided by 3.
0
Calculate the remainder when ((-2)/10)/(22/(-29590)) is divided by 57.
41
Suppose 2*o - 3 = -2*j - 1, -5*j = 2*o + 4. What is the remainder when 18 is divided by o?
0
Let l = 730 + -647. What is the remainder when l is divided by 4?
3
Let h(n) = n**2 + 4*n - 8. Let c(y) = y**3 - 6*y**2 - y - 19. Suppose -60*z + 63*z = 21. What is the remainder when c(z) is divided by h(-7)?
10
Let l(w) = w**2 + 4*w + 6. Let x be l(-3). Let a(z) = 4*z**2 - 6*z - 4. Calculate the remainder when 22 is divided by a(x).
8
Suppose -2*r + 92 = n, r - 2*n - 20 = 16. Let b = r - 37. What is the remainder when 13 is divided by b?
6
Let t be 1/(0 + 1)*(-21)/(-3). Let p(x) = 14*x - 51. What is the remainder when p(t) is divided by 26?
21
Let g = 13 + 39. Let o = 120 + -102. What is the remainder when g is divided by o?
16
Let a(o) = o + 4. Suppose 0 = 10*l - 8*l. Let f be a(l). What is the remainder when 48 is divided by 1*(15 - f/(-2))?
14
Let n = 188 - 132. Suppose -4*p - 627 = -37*p. Calculate the remainder when n is divided by p.
18
Let m be (1 - 2)/(2/(-32)). Suppose -4*a + m = -2*b + 104, -5*b + 5*a + 195 = 0. Calculate the remainder when b is divided by 18.
16
Suppose h + t - 38 = 0, 4*h + 3*t - 153 = -0*h. Suppose -13*n + 16*n = h. Calculate the remainder when 51 is divided by n.
12
Let s(p) = -4*p**2 - 54*p - 14. Calculate the remainder when s(-11) is divided by 33.
30
Suppose 32*v - 222 = 26*v. What is the remainder when 775 is divided by v?
35
Let i be (2/(-6))/((-2)/294). Suppose 11 = -2*s + i. Suppose -8*r - 30 = -5*w - 3*r, 5*r = 4*w - 20. Calculate the remainder when s is divided by w.
9
Let w(t) = 2*t**2 + 11*t - 2. Let d(c) = -4*c**2 - 21*c + 3. Let s(p) = -6*d(p) - 11*w(p). What is the remainder when 85 is divided by s(-5)?
27
Calculate the remainder when 9 is divided by -1*10/5 - (-4 + 0).
1
What is the remainder when 28 + (1*3 - 2/(-2)) is divided by 12?
8
Let m(r) = -r + 11. Suppose 3*s - 4 = 11. Suppose 6*h - 11*h = 2*x - 47, 49 = 3*h - 4*x. Calculate the remainder when h is divided by m(s).
5
Let u(h) = 11 - 7 + h**2 + 10*h - 2*h - 11. Suppose j + 3*s = 5, -3*j + 2*s + 3 = 43. Calculate the remainder when 25 is divided by u(j).
12
Suppose -5307 = -9*w - 5154. Calculate the remainder when 65 is divided by w.
14
Let h = 217 - 176. What is the remainder when 367 is divided by h?
39
Let q = 348 + -260. Calculate the remainder when q is divided by 18.
16
Let a(r) = r**3 + 4*r**2 - 3*r + 1. Let t be a(3). Let v = t + -20. Calculate the remainder when v is divided by 12.
11
Let b(m) = 308*m + 1. Let p be (13 - 16) + 1 + 3. Let j be b(p). Calculate the remainder when 5/(-20) + j/4 is divided by 26.
25
Suppose -2*n - 4*k = k - 156, 5*k - 229 = -3*n. What is the remainder when 433 is divided by n?
68
Let h = 17 - -4. Let f be 10/(-20) + 5/2. Calculate the remainder when (f/(-8))/(3/(-996)) is divided by h.
20
Let j = 26 - 22. Let d(p) = 12*p - 19*p - 8*p - j. What is the remainder when d(-4) is divided by 29?
27
Suppose 2*x + 7 = -7. Let k = 12 + x. Suppose -42 = -k*g + 23. Calculate the remainder when 49 is divided by g.
10
Let i = -246 + 263. Calculate the remainder when 26 is divided by i.
9
Suppose -1376 = -13*y + 548. What is the remainder when 301 is divided by y?
5
Let c(a) = -a**3 - 7*a**2 - 6*a - 1. Let j be c(-6). What is the remainder when 3/((-3)/(-19))*5 is divided by -80*(j + (-12)/(-20))?
31
Suppose -19437 = -19*y + 1824. Calculate the remainder when y is divided by 28.
27
Let i(z) = -z**3 - z + 2. Let h(k) = 5*k**2 + 6*k + 5. Calculate the remainder when h(-4) is divided by i(-3).
29
Suppose -14 = -3*u + 100. Suppose -52 = 34*a - u*a. Calculate the remainder when 50 is divided by a.
11
What is the remainder when 318 is divided by (-15)/((-75)/(-10)) - -42?
38
Let n = -114 + 118. Calculate the remainder when 228 is divided by ((-52)/10 + n)*75/(-9).
8
Let p(v) = 6*v**2 + 18*v + 10. Let x be p(-5). Let d = -55 + x. Let u = -9 + 15. Calculate the remainder when d is divided by u.
3
Let u(j) = -4*j**3 + 5*j**2 + 7 - 9 + 3*j**3 - 3. Let b be u(4). Suppose -c = -b - 14. What is the remainder when c is divided by 7?
4
Suppose 35*l + 3 = 38*l. Suppose -3*w - 3*y = 9, -4*y = 3*w - w + 6. What is the remainder when 23 is divided by 68/12 - l/w?
5
Suppose 0 = 12*r - 7*r - 865. Calculate the remainder when r is divided by 22.
19
Let q = 4007 + -3989. Let c(k) = 34*k**2. What is the remainder when c(1) is divided by q?
16
Suppose 2*d - 22 = 2*u, 0*d + 2*u = 3*d - 35. Calculate the remainder when 39 is divided by (10 - d) + 56/(1 - -1).
14
Let o = 330 + -9. Calculate the remainder when o is divided by (-2)/4*-2*54.
51
Suppose 28*s - 900 = 360. Suppose -5*w = -0*w - 60. What is the remainder when s is divided by w?
9
Suppose 0 = 4*y + 9*y. Suppose 5*u + 5*o - 110 = 0, -5*u = -y*u - 2*o - 75. What is the remainder when u is divided by 11?
6
Let r(w) = 12*w**2 + 33*w + 51. Calculate the remainder when r(-6) is divided by 27.
15
Suppose 4*z = 2*a + 44, z + 6 = 4*a + 3. Calculate the remainder when 90 is divided by z.
12
Suppose 0 = 7*b + 153 - 958. Calculate the remainder when b is divided by 113.
2
Let z = -167 - -234. Let g = 160 - 137. Calculate the remainder when z is divided by g.
21
Suppose -4*w + 196 = 2*t, -t - 25 = -2*w - 115. Suppose -9*z + 256 = 7*z. Calculate the remainder when t is divided by z.
14
Suppose -7 - 3 = -5*h. Let b = -3 - 17. Calculate the remainder when 1/2 + (-30)/b is divided by h.
0
Let p = -203 + 209. Let m(q) = 35*q - 7. Let s(u) = -52*u + 11. Let f(v) = -8*m(v) - 5*s(v). Calculate the remainder when f(-1) is divided by p.
3
Let h = -653 + 674. What is the remainder when h is divided by 8?
5
Let v = 20 + -35. Let m = 20 + v. What is the remainder when (3/m)/(1/30) is divided by 10?
8
Suppose -2*j = 6, -4*k = j - 0*j - 17. Suppose 3*i = 3 + 9, 185 = 3*g + k*i. Let f = 3 + 11. What is the remainder when g is divided by f?
13
Let p = 19 + -21. What is the remainder when 3/(6/112) - 1 is divided by 2*((-23)/p + -2)?
17
Suppose 2*g = -3*l + 6*g + 10, 4*l = -4*g + 4. Let p be (-33)/22*(0 + l). What is the remainder when 8 is divided by ((-9)/p)/(-3) - -3?
0
Suppose 0*v = v - 8. Suppose q - 45 = -4*a, 0 = -9*q + 4*q - 15. Let w(i) = -9*i + 113. Calculate the remainder when v is divided by w(a).
3
Let m(p) = -6*p - 142. Let r = 54 - -101. What is the remainder when r is divided by m(-28)?
25
Suppose 40*z = 29*z + 297. Calculate the remainder when 104 is divided by z.
23
Let x be (16/6 - 0)*(-180)/8. Let c(n) = 4*n**3 - n**2 - n + 2. Let k be c(-3). Let r = x - k. Calculate the remainder when r is divided by 14.
10
Suppose 5*k - 6 = 2*k. Suppose k*p = 4*y - 162, p + 19 - 133 = -3*y. Calculate the remainder when y is divided by 16 - ((-4)/2 - -4).
11
Let m(w) = -w**3 + 28*w**2 + 4*w - 65. What is the remainder when 280 is divided by m(28)?
45
Suppose -2*r = d - 6*r - 9, 0 = 2*d + 2*r - 68. Let t be 76/(-6) + (-10)/(-15). Calculate the remainder when d is divided by (-90)/t + (-1)/(-2).
5
Suppose 12*v - 348 = -72. Calculate the remainder when v is divided by 2/11 + (-512)/(-88).
5
Let k = -172 + 36. Let y be k/(4 + -2) - 0. Calculate the remainder when 67 is divided by ((-9)/(-6))/((-6)/y).
16
Let n(q) = -3*q + 1. Let y(w) = -1. Let x(c) = -n(c) + 2*y(c). Suppose -u + 31 + 13 = 0. Calculate the remainder when u is divided by x(6).
14
Let c = 284 + -142. Let w = 14 - -10. Calculate the remainder when c is divided by w.
22
Suppose 0 = -3*i + 2*c + 19, 0 = -3*i - 2*c - 7 + 6. What is the remainder when 10 is divided by i?
1
What is the remainder when 47 is divided by 1/(28/12 + -2)?
2
Suppose 18 = 2*u - 2*l, -u + 15 = u - 3*l. Calculate the remainder when (-3)/(-12) + (-5012)/(-112) is divided by u.
9
Let t(w) = 89*w + 535. What is the remainder when 149 is divided by t(-5)?
59
Suppose -2*d - 10*q = -9*q - 73, 0 = 3*d + 5*q - 92. What is the remainder when d is divided by 6/(6/(-40)*-2)?
19
Suppose -4*o + 3*i + 147 = o, -2*i = -5*o + 143. Let b(v) = 2*v - 5. 